 = -3*j - 5*u. Suppose 10 = -5*f, -k = -j*k - 4*f - 1677. Is k a prime number?
True
Suppose 0 = x - 5*i + 133, -2*x - 310 = -3*i + 4*i. Let g = x + 305. Suppose 0 = -5*n - g + 1087. Is n a composite number?
True
Let v = -1127217 - -3432384. Is v a prime number?
False
Suppose 146*j + 1977030 = 8721511 + 9794253. Is j prime?
True
Suppose -393 = a - 2*r - 1621, -5*r = -5. Suppose 20*u = a + 57190. Is u composite?
True
Let u(l) = -l**3 - 6*l**2 + 22*l + 131. Is u(-10) prime?
True
Is (-13 - -11)*15017/(-2) composite?
False
Suppose 0*f + f = -3*k - 987, -4*f = 4*k + 3988. Let a = -230 - 69. Let x = a - f. Is x prime?
False
Let o(m) = 37*m + 15991. Is o(0) a prime number?
True
Suppose 83*k - 24263 - 365754 = 0. Is k a composite number?
True
Let m(c) = -c**3 - 14*c**2 + 14*c - 13. Let x be m(-15). Is (-32856)/(-16) + (-1)/x a composite number?
False
Suppose 3*j - 5*u = 24484, -2*j - u = 3*j - 40816. Suppose 3*g = 4*p + 5525, -5*g + 5*p + j = -1042. Let d = g + -740. Is d a prime number?
False
Let d(r) = 2238*r**2 + 13. Let c(f) = -1119*f**2 - 6. Let w(k) = -9*c(k) - 4*d(k). Is w(-1) a prime number?
False
Suppose 6*j - 1758992 = -346970. Is j a prime number?
True
Let w = -515 - -1235. Let n = w + -47. Is n prime?
True
Is (-1072385)/(-125) - (-2)/(-25) a composite number?
True
Suppose 73794 = o + 2*n, 3*n = -o + 4*n + 73806. Is o composite?
True
Let s(g) = -5003*g - 510. Is s(-7) a composite number?
False
Suppose 226 + 234 = -2*s. Suppose 224*m - 214*m = 7020. Is 23/s + m/20 a prime number?
False
Suppose -3*d - 14 = -5*h, -5*d + 5*h - 3*h = -2. Suppose d*a = 4*a + 3*a. Suppose -4*k + 20 = a, 2120 = 2*y + 2*k - 0*k. Is y a composite number?
True
Suppose -20*h + 19*h + 14 = 0. Let q be -302*5*7/h. Let w = 1504 + q. Is w a composite number?
True
Suppose -22411 = 4*i - 3*h, -2*i - 8*h - 11223 = -13*h. Let c = i - -9882. Is c composite?
False
Let q = 14679 - 3338. Is q prime?
False
Let f(k) = -k**2 - 38*k + 10. Let u be f(-38). Is (10 - u) + (-1)/((-3)/4497) a prime number?
True
Let d = -320696 + 989599. Is d composite?
False
Let s(m) = 32*m**2 - 72*m - 2541. Is s(-58) composite?
True
Let u be 5 + (-9 - -6) + -1 + 4875. Suppose u = 4*o - 1752. Is o composite?
False
Suppose -2834911 - 30301 = -14*c. Is c prime?
False
Let c = -199 - -278. Suppose -77*s - 2018 = -c*s. Is s composite?
False
Let d(t) = t**3 + 16*t**2 + 22*t + 105. Let x be d(-15). Suppose -17*j + 19*j - 3890 = x. Is j prime?
False
Suppose 350407 = 27*n - 25001. Suppose n = 6*a - 2884. Is a a prime number?
False
Let o(q) = -1611*q + 835. Is o(-4) a composite number?
True
Suppose -3*n = -2*n - 10. Suppose -l + b + 16668 = 0, 65*b = 60*b - 20. Suppose -l - 14506 = -n*j. Is j prime?
False
Let o = 393 - 389. Suppose 5*h + u - o*u - 13885 = 0, 3*u = 0. Is h a composite number?
False
Is 11/55 - (7 + -8)/(5/4763254) prime?
False
Let m = 2256 + -3179. Let o = m - -2040. Is o prime?
True
Suppose 3*y - g = 107 + 249, 102 = y + 3*g. Let i = y - 117. Suppose -b + 4*s + 259 = i, 3*s = -5*b + 7*s + 1247. Is b a composite number?
True
Suppose p = -4*b - 27 + 169, -4*b + p = -146. Suppose 42*w - b*w = 119046. Is w prime?
True
Suppose 70 = 3*w + 13. Let p = 21 - w. Is 820 + (-2)/p + 2 prime?
True
Suppose -2*b + 1476 = 5*h, -b - 2*h + 737 = -0*b. Suppose b = 4*p - 975. Is p composite?
True
Suppose -283*m = -33*m - 13871750. Is m composite?
False
Suppose -10*y = -y - 13545. Let b = y + -567. Suppose 8*r = 4*r + 12, 5*u + r - b = 0. Is u prime?
False
Let x(s) = s**2 - 46*s + 110. Let q be (2442/(-185))/((-9)/30). Is x(q) prime?
False
Let b be 6/(-21)*4 + (-2)/(-14). Is 16/(6 + -10) + (-8503)/b a prime number?
False
Suppose 63565 = -43*h + 38*h. Is (h + 0)/((-33)/(-11) - 4) prime?
True
Let j(s) = -143*s**3 - 3*s**2 - s - 1. Let g be (1/(-2))/(4/(-64)). Suppose g*u + 0*u = -16. Is j(u) composite?
True
Suppose 3*y = m - 4213, -2*y - 16824 = -4*m + 3*y. Suppose -z + m = 2*r, -4*r + 8406 = -5*z + 3*z. Is r composite?
True
Suppose -17*b - 2*l = -20*b - 20, l = -5*b - 16. Is 6/b*(-790762)/147 a prime number?
True
Let d(i) = -4*i - 46. Let v be d(-12). Suppose v*t + 2 = -0*t. Is t + (-6)/(-27) + (-14360)/(-18) composite?
False
Suppose 11*a = 178871 + 149215. Is ((-5)/(-3) + 5)*a/24 prime?
False
Let v(z) = -z - 4. Let x be v(-7). Suppose 0 = -5*p - 2*y + 19, 2*p - 45*y = -46*y + 7. Suppose -5*g = -x*c + 1114, 0 = p*c + 2*g - 2376 + 509. Is c prime?
True
Let x be 4/(0 + (-2)/(-11863)). Suppose -99*n + 97*n = -x. Is n a prime number?
True
Is (9/(-6))/(5 + (-45185070)/15061676 - 2) prime?
False
Let f(z) = 3 - 281*z + 9*z**2 - 7 + 267*z - z**3. Let b be f(7). Is b/(-8)*(-3 + 2 - -3315) a composite number?
False
Let n = -4 - -9. Suppose -2*g = -2*z - g, 4*g = -n*z. Let t(h) = -2*h**3 - h + 797. Is t(z) composite?
False
Let z(w) be the second derivative of -w**5/20 - w**4/2 - 5*w**3/6 + 3*w**2/2 + w. Let c be z(-5). Is (2/c)/((-19852)/3972 - -5) composite?
False
Let i(m) = m**3 + 9*m**2 + 8*m + 4. Let t be i(-8). Suppose -5*j + 2*o - 1299 = 827, -t*j = 5*o + 1714. Let k = j - -967. Is k prime?
True
Suppose -j + 5*j + 161577 = 5*b, -64634 = -2*b + 2*j. Is b a prime number?
True
Suppose -3*i = 4*r - 145, -90 = -i - i + 4*r. Let g = -833 - -865. Suppose -n + i = 2*t, -n + g + 9 = 5*t. Is n composite?
True
Let r(v) = 94*v**2 + 268*v + 85. Is r(35) prime?
False
Suppose z + l = 0, -4*l + 20 = 4*z - 5*l. Let v be (2/(-3))/(z*1/(-30)). Suppose -1957 = -v*o + 478. Is o a prime number?
True
Let h(u) = -u + 15. Let g be h(0). Let c be 6/(-24)*30*4428/g. Let q = -1097 - c. Is q a composite number?
False
Let o(x) be the first derivative of x**4/4 - 14*x**3/3 + 15*x**2/2 - 22*x - 15. Let j be o(13). Suppose j*m = 20, 4*m + 2072 + 513 = w. Is w a composite number?
True
Is 25/(-15)*1811496/(-40) prime?
True
Let a(q) = 35*q**3 + 9*q**2 - q - 28. Let m be a(6). Let r = m + 2727. Is r a prime number?
False
Let w(y) = 32*y - 17. Let h be w(5). Let x = 982 - h. Is x a prime number?
True
Is -654*(-192)/3 + 7 a composite number?
False
Is 43/(-516)*-3324380*((-6)/1)/(-2) prime?
False
Let p(d) = -d**3 - 12*d**3 + 3*d**2 - 9 + 5*d + 9*d**3. Let u be p(-6). Suppose 0 = l - 5*l - 4*a + 1864, a = -2*l + u. Is l a prime number?
True
Let k be (-78981)/(-42)*1*2. Let p = k + -2364. Is p a composite number?
True
Is 0/(-3 + 12) + 51977 - 10 composite?
True
Suppose 477*g = 475*g + 2*s + 519354, -5*s + 1038744 = 4*g. Is g a composite number?
False
Suppose 3*i + g = -178, 216 = -5*i + i + 4*g. Is (i/(-3))/(7/(-4221)*-6) a prime number?
False
Let z(a) = 946*a**2 + 25*a + 83. Is z(6) a composite number?
True
Suppose 3*t + 8 = -j, -t + 2*t = -2*j - 36. Is (-119715)/(-10) - (-50)/j composite?
False
Is (-118086060)/(-185) - (-4)/(-148) a prime number?
True
Let h be (2/(-9))/(114/(-36423)). Suppose 152338 = h*k - 182569. Is k prime?
False
Suppose 0 = -489*k + 486*k + 2*x + 117645, 3*x - 156826 = -4*k. Is k a prime number?
False
Let d(u) be the third derivative of -17*u**6/40 - u**5/15 - u**4/8 + u**3/6 + u**2 - 17. Suppose -3 = w - 0*w. Is d(w) composite?
True
Suppose 1687 = a + 2*j, -a + 99*j - 95*j + 1705 = 0. Is a composite?
False
Is (3018267/(-105) + -18)/((-6)/10) prime?
True
Let m be 7 + 9 + -18 + -60. Suppose 0*t - 736 = 4*t. Let u = m - t. Is u a prime number?
False
Let q be (-228)/342 - (-2)/3. Suppose q*v = 18*v - 41994. Is v a prime number?
True
Let j be (3/9)/(3/(-9)). Let m be (j + 2)*(19 - (6 - 0)). Suppose -m*w - 12436 = -17*w. Is w composite?
False
Let w be 4/(-18) - (-49794)/27. Suppose 7*b = 5*b + 3*c + w, c + 2759 = 3*b. Suppose -3*t = -2*t - b. Is t a composite number?
False
Suppose -13*i + 203676 + 281739 - 62356 = 0. Is i a prime number?
False
Let g be (19 + -7)/(1/1195). Let s = g - 1199. Is s prime?
False
Suppose 65*i - 174364 = 63*i + 2*u, 174361 = 2*i - u. Is i a prime number?
True
Suppose -18*g + 16*g - 15549209 = -43*g. Is g prime?
False
Suppose 2*o - 5*o + 723 = 0. Suppose 0 = o*i - 247*i + 73182. Is i a composite number?
False
Suppose 2*i + 29 = -2*i + 5*w, -i - 5 = -2*w. Let q(o) be the second derivative of o**4/6 - o**3/2 - 12*o**2 - 3*o. Is q(i) composite?
False
Let a = -20908 - -65049. Is a composite?
True
Suppose -64*d = 68*d - 12131988. Is d composite?
False
Suppose 5*k - 14 = r, 0 = -6*k + k + 20. Let a(i) = 33*i**2 - 17*i + 1. Is a